1. What is the units digit of k?
7
Suppose q - w + 7 + 18 = 0, -2*q = 3*w + 50. Let c = q + 60. What is the units digit of c?
5
Let g be ((-10)/2)/((-7)/217). Suppose -5*l = -0*l - g. Let p = l + -17. What is the tens digit of p?
1
Let a be (-4)/8*(-34)/1. Let z = 29 - a. What is the tens digit of 5/(3 + (-34)/z)?
3
Let m = 1637 - 50. What is the tens digit of m?
8
Let l(n) = 7*n**2 + 74*n - 65. What is the tens digit of l(-21)?
6
Let r(b) = -21*b - 528. What is the tens digit of r(-56)?
4
Let b be 2*8/((-48)/9). Suppose c - 22 = h - 3*c, 0 = -4*h - c - 3. What is the units digit of ((-5)/h + b)*-98?
9
Let p(f) = -f**3 + 14*f**2 - 13*f + 3. Let l be p(13). Suppose 2*o - r - l*r = 132, 1 = r. Suppose -a + 4*b - o = -3*a, 4*b = 16. What is the tens digit of a?
2
Let q = 114 - 107. Let i = q + 92. What is the units digit of i?
9
Let k(z) = 12*z**2 - 13*z - 32. Let l be k(-5). Let c = l + -154. What is the hundreds digit of c?
1
Let n = -36 - -28. Let l = n - -9. What is the units digit of l?
1
Suppose -i - 334 = 3*g - 1233, 4*i - 5*g - 3630 = 0. What is the units digit of i?
5
What is the hundreds digit of 2218/7 - (-16)/112?
3
Let y(k) = 3*k - 10. Let f(l) = -l. Let u(j) = 3*j - 6. Let x(r) = -2*f(r) - u(r). Let z be x(-7). What is the units digit of y(z)?
9
Let t(p) = -p**3 + 8*p**2 + p - 2. Let m be (6/((-48)/14))/(2/(-8)). What is the units digit of t(m)?
4
Let b = 8 - 8. Suppose 3*c + 3*k - 81 = b, 0 = -2*c - k - 4*k + 48. What is the tens digit of c?
2
Let j = -60 + 7. Let l = -9 - j. Suppose -5*t + 61 + l = 0. What is the units digit of t?
1
Suppose -7*s = -28 - 28. Suppose -s*f + 25 = -7*f. What is the units digit of f?
5
Suppose -4*i - w = w - 1222, i = -w + 305. What is the tens digit of i?
0
Let q = 249 - 21. Let y = -78 + q. What is the tens digit of y?
5
Let l(u) = 38 - u - 20 - 22. Let d be l(-6). Suppose d*t - 7*t = -50. What is the tens digit of t?
1
Let x(h) = -h**3 + 5*h**2 - 2*h + 6. Let j(o) = -o**3 + 7*o**2 - 7*o + 11. Let r be j(6). Let a be x(r). What is the units digit of ((-148)/8)/(2/a)?
7
Suppose -33*h + 12*h = -55419. What is the thousands digit of h?
2
Let r be ((-4)/5)/((-4)/150). Let o = r - 28. Suppose 144 = 4*g + o*l, -g - l + 18 + 17 = 0. What is the tens digit of g?
3
Let v(s) = 2*s - 11. Let i(y) = -y + 5. Let n(b) = 3*b - 15. Let m(l) = 7*i(l) + 2*n(l). Let g(t) = 10*m(t) + 6*v(t). What is the tens digit of g(15)?
1
Let h(n) = -53*n - 3. Let c(g) = 27*g + 1. Let y(j) = 7*c(j) + 4*h(j). Let u be y(-5). Suppose l - u = -4*l. What is the units digit of l?
2
Let t(c) = 35*c + 115. What is the units digit of t(12)?
5
Let m be (-9)/(-3)*(-290)/(-6). Let u be m/(-45) + (-2)/(-9). What is the tens digit of u + -3 + (42 - -4)?
4
Suppose -47642 = -51*s + 68944. What is the tens digit of s?
8
Suppose 5*s - 980 = -3*k + 227, 5*s = -2*k + 798. What is the hundreds digit of k?
4
Let v = -117 + 116. What is the units digit of (v/(-1))/(6/(-2124)*-6)?
9
What is the tens digit of (-10)/15 + -146*40/(-12)?
8
Suppose 5*f = -72*f. Let t = 6 + -3. Suppose 0 = -t*z - 5*g + 156, -3*z + 138 = -f*g - g. What is the tens digit of z?
4
Let g be 4/((5/(-10))/(-1)). Let x(y) = 3*y + 16. What is the units digit of x(g)?
0
Let l(i) = 3*i**2 - 9*i - 16. Suppose -5*y - 22 = -c, -4*y + 3*c = 6*c + 10. What is the tens digit of l(y)?
6
Suppose -2*j - 35 = 5*p, 4*p + 0 = 5*j + 5. Let y be 9/(2 + p) - -8. What is the units digit of 26 - -1 - y/(-5)?
8
Let f(s) = -2*s**3 + 56*s**2 + 5*s + 49. What is the tens digit of f(27)?
4
What is the thousands digit of (-3 + -18)/((-78)/9230)?
2
Let m(r) = 69*r + 862. What is the thousands digit of m(47)?
4
Let i(m) = -1093*m - 63. What is the tens digit of i(-2)?
2
Suppose m = -m - 4*j + 44, 0 = 5*m - 2*j - 50. Let z be 0 + 7 + (-48)/m. Suppose -z*t + 33 = 3*v, -4*v - 25 = -7*v - t. What is the units digit of v?
7
Suppose -32*u - 4*u = -9684. What is the units digit of u?
9
Suppose -4*q = -99 + 35. Let w be -11*1 + q/8. Let o(b) = b**2 + 8*b + 11. What is the tens digit of o(w)?
2
Let r = 3146 - 1157. What is the hundreds digit of r?
9
Suppose -4*k = -w - 3283, -3*w = -2*k - 54 + 1683. Suppose 4*r - 2*l + 639 = l, 0 = 5*r + 4*l + k. What is the units digit of (-1)/((-15)/r)*-5?
4
Suppose 0 = -5*b - 14 + 34. Let q(i) = 16*i - 20. What is the tens digit of q(b)?
4
Let d = -967 - -1405. What is the tens digit of d?
3
Let n = 6320 - 3846. What is the units digit of n?
4
Suppose t = j + 1437, 3*t - 9*j = -14*j + 4319. What is the hundreds digit of t?
4
Suppose 0 = 21*u - 22*u + 477. What is the units digit of u?
7
Suppose 1728 = -68*h + 71*h. What is the tens digit of h?
7
Suppose 3*g - 262 = 689. Suppose -117*f = -118*f + g. What is the hundreds digit of f?
3
Let s be (-8)/(-68) + (-200)/(-34). Suppose -y + s = y. What is the units digit of 2/y - (-935)/33?
9
Let g = 791 + 402. What is the tens digit of g?
9
Let c = -273 - -776. What is the hundreds digit of c?
5
Let j(p) = p**3 + 3*p**2 - 4*p - 4. Let n(h) = -2*h + 1. Let o be n(-2). Suppose o*v - 7 = -k, 6 = 4*k - v + 20. What is the units digit of j(k)?
8
Suppose 5*a - 6 = -5*u + 9, 0 = 3*a + 12. Suppose q + 4*g = -0*g + u, 3*g + 36 = 3*q. Let s = q - -16. What is the units digit of s?
7
Suppose 5*b - 7 = -2*o - 2, 3*b - 3 = -5*o. Let g(h) = -2*h**2 + 220. What is the units digit of g(o)?
0
Suppose 3 = -24*c + 23*c, -c - 5799 = -4*g. What is the hundreds digit of g?
4
Let t(x) = -24*x - 2. Let o(h) = 23*h + 1. Let l(y) = -5*o(y) - 4*t(y). Let q be l(-3). What is the units digit of 6/10 + 624/q?
1
Let j(u) = -40*u. Suppose 0 = 4*c - 4*v, 3*c + 6*v - 2*v = -14. What is the tens digit of j(c)?
8
Suppose 2*o - 13*q - 188 = -10*q, 2*o - 4*q - 186 = 0. What is the tens digit of o?
9
Let s(i) = -i + 7. Suppose -5*p = -5*m - 40, -4*m + 5*p - 32 = -0*m. Let c be s(m). Suppose 0*g + c = g. What is the tens digit of g?
1
Let y be 6/15 + (-26)/(-10). Suppose -5*t = -5*h - 20, 4*t - h = y + 4. Suppose -o = -4*o - 4*p + 25, o - p + t = 0. What is the units digit of o?
3
Let c(b) = -b**2 - 7*b - 4. Let p be c(-5). Suppose 0 = -p*q + 2*q + 12. What is the units digit of 8/q*27/12?
6
Suppose 384*h - 381*h = 1218. What is the units digit of h?
6
Suppose c + 0*c + 8 = 0. Let q be (-94)/c + 15/(-20). Suppose -g = -q - 24. What is the tens digit of g?
3
Let m = -14 - -30. Let l be 150/(-8) + 12/m. What is the units digit of (222/l)/((-3)/9)?
7
Suppose h = 3*x - 8 + 60, -5*h = 4*x + 82. Let s be (-70)/x*3*6. Suppose 3*f - 98 = 2*c, -3*f + 0*f + s = 5*c. What is the units digit of f?
0
Suppose 2*b - 9 = -5. Let g be ((-1)/3)/(b/6). What is the units digit of ((-12)/(-8) + g)*10?
5
Suppose -85 + 1 = -2*f + 5*n, -n = 2. Let o = -23 + f. Suppose -2*b + 152 = o. What is the units digit of b?
9
Let v = 7 + 5. Let w = -12 + v. Suppose 3*d - 4*d + 3*g + 51 = w, -3*d + 3*g + 147 = 0. What is the units digit of d?
8
Let c(i) = 13*i**2 - 2*i**2 + 112*i**3 - 113*i**3 + 7 + 3*i. What is the hundreds digit of c(-4)?
2
Suppose 108 = d - u, 3*d - 3*u = -u + 327. Let w be 3*(d/9 - -2). Let k = w + -22. What is the units digit of k?
1
Let z = 45 + -13. Suppose -5*g = -g - z. What is the units digit of g?
8
Let x be (-183 - 0) + -9 + 12. Let v = x + 288. What is the units digit of v?
8
Suppose 4*s + 72 = -0*s. Let d = 22 + s. Suppose d*o + 5*i = 109, o + 0*i - i = 34. What is the units digit of o?
1
Let h = 1 + -1. Let m be 1*(-3 + h + 2). What is the tens digit of m/((-12)/(-13) - 1)?
1
Let u = -6 - -10. Let c = u + 10. What is the tens digit of c?
1
Suppose 41933 = 35*n - 4967. What is the tens digit of n?
4
Let s(q) = -3*q**3 - 12*q**2 + 9*q + 2. What is the thousands digit of s(-9)?
1
Let u = -94 + 341. What is the tens digit of u?
4
Suppose -20*i + 28593 + 11767 = 0. What is the units digit of i?
8
Let l be 1/3*3 + 30. Suppose -60 = -0*i + 4*i. Let y = l + i. What is the units digit of y?
6
Suppose -4*a - 20 = 4*c - 0, -3*a + 5 = c. Let d = -3 - c. What is the units digit of d?
7
Let d(j) = j**3 + 6*j**2 + 7*j + 10. Let g be (-21 - 0)/3 + 3. Let f be d(g). What is the units digit of (21/f)/((-6)/(-16))?
4
Suppose 63*l = 76*l - 11492. What is the units digit of l?
4
Let y = -74 - -44. What is the units digit of y/(-135) - (-1760)/18?
8
What is the tens digit of ((-8451)/81)/((-2)/6)?
1
Let 